 - 19) + -9))
16
What is -197 + (130 - 55) - (-29 + 2)?
-95
What is -31 + 54 - 17 - 1?
5
-5 + (0 - (97 - 48))
-54
-3196 + 3127 + (-1 - -68)
-2
Calculate (-1 - -25) + 460 + -451 - 14.
19
14 + -13 + 28 + -9 + -1 + 4
23
What is -33 - -43 - -1 - (3 + -7)?
15
Evaluate 23 - (0 - -2) - (43 + -1 - 49).
28
Evaluate (62 + 46 - 70) + -71.
-33
-110 - -129 - (6 - (-4 - 9))
0
Calculate 117 + -6 + -138 + 108 + -16 + 2.
67
What is the value of -71 - -27 - (-20 + -13 - -17)?
-28
-44 - (1 + 9 + (-19 - -8))
-43
Evaluate (-39 - (-27 + -2)) + 0 + 7.
-3
Evaluate -59 + (-57 - -32) - (-13 + -1 + 0).
-70
What is the value of 7 - (-17 - (32 + -17))?
39
(-3 + -3 - 33 - 6) + 8 + 6
-31
What is the value of -10 + (-8 - ((0 - 9 - (2 + -7)) + -76))?
62
(-58 - -15 - -52) + (-5 - -4)
8
What is 6336 + -6370 + 16 + -2?
-20
-3 + (3 + -35 - (-4 - 0 - -8 - 9))
-30
What is the value of 1 + -19 - (-184 + 202 + -2 + -5)?
-29
-31 - (-25 + 10 - 20) - -36
40
Evaluate (122 + -32 - 48) + -29.
13
What is the value of 45 - (453 + -460 + (-2 - (0 + -2 - -3)))?
55
Evaluate (-39 - 17 - -50) + -37.
-43
-10 - -16 - (229 - 245)
22
Calculate (15 - 14) + 27 + -19 + 1.
10
Evaluate 5 + (7 + -7 - 2) + (-46 - (-46 + 5)).
-2
What is the value of -121 + 75 + 10 - (2 + 66)?
-104
Evaluate 1 + (-25 - -2) + -3 + -4 + 10 - -10.
-9
What is 82 + 83 + -154 - (-1 + -25 + -2)?
39
-7624 + 7583 + 12 + (0 - 2 - -5)
-26
Calculate (39 - 6) + (-96 - (-133 + 44)).
26
1 - -21 - (65 - 61) - (7 - (-5 + 4))
10
What is the value of (-47 - -43) + 7 - (10 + 1)?
-8
(-4 - -8 - (-16 - 10)) + (-11 - (9 - 4))
14
What is the value of 1 + (-18 + -2 - (-20 - -26)) + (-22 - -26)?
-21
-40 + 1 + (-8 - -106) + -82 - 68
-91
What is 1 + 4 + (882 - 853) + -117?
-83
What is (1 - 13) + (2 + 25 - (-974 - -1025))?
-36
What is 5 + (6 - (-5 + 2 - (-56 + 45)) - -41)?
44
What is 28 + (-54 - (20 + 16 + -15))?
-47
What is -4 + (4 - (-13 + 22 + 3)) + -2 + -32?
-46
(1 - -7) + 156 + -167 + (14 - 0)
11
Evaluate 65 + (33 - 88) + 1 + 1 + -1 + 1.
12
What is the value of 5 + 0 - (69 - (39 - -63))?
38
What is 108 + -306 + 120 + 211?
133
Calculate 607 + -493 - (97 - -4).
13
What is the value of -84 + -37 + 62 - -66?
7
-20 + 37 + 7 + 7 + -33
-2
What is -23 - (-6 + -8 + -7 + 11 + 11 + -3)?
-21
What is 4 + -9 + 19 + -37 + 15 + 99?
91
What is 0 - (8 + -1) - (3415 + -3395)?
-27
-5 + (7 - (7 - (23 + -22 + (48 - 3))))
41
46 - (-72 - -181 - 3)
-60
What is 0 - (-27 + (1 + -25 - (8 - 18)))?
41
What is 44 - (-58 - (42 + -78))?
66
What is -5 + (39 + -64 - 12)?
-42
What is 0 + (-1 - 8 - (39 - (-3 + -7))) + -3?
-61
Evaluate -1 + 2 + -1 - (-12 + (-6 + -27 - -7)).
38
What is (-38 - (-51 + 9)) + (-41 - (-3 - -3))?
-37
What is the value of 6 - (-31 + 67 + 8 + -1 + 2)?
-39
Evaluate (15 - -2) + (-5 - 51) - -14.
-25
What is the value of (388 - 307) + (5 + 1 + -2 - -2) + -9?
78
21 + -50 + (-1 - -33)
3
(6 - 0) + (-19 - -2) + 1 - (32 + -19)
-23
What is the value of 9 + (-12 - -45) - 19?
23
Calculate (-28 - (16 - (-8 + 46))) + -22.
-28
What is the value of 11 - (2 + 0 + -19 - (-2807 + 2789))?
10
What is the value of (-7 - -25 - 6) + (26 - -3 - 10)?
31
What is the value of -20 + (-3 - -10 - -10 - 10) - 2?
-15
Evaluate 138 + -129 + (3 - 60) + -3 - 12.
-63
What is 50 + -1 + -3 + -174 + 156?
28
What is -31 - (4 - 16) - ((12 - -9) + -14)?
-26
Calculate (13 - (3 - (-5 - -6)) - (-41 - -43)) + 14.
23
What is -32 + 20 + 13 + (-14 - -7)?
-6
What is -15 - -18 - (0 + 14) - (73 - 97) - -92?
105
Calculate 34 + 2 + 801 + -834.
3
What is the value of 25 + (-3 - -1 - -5) + -6 + (-3 - -8)?
27
What is 9 + -3 + -8 + (5 - -27) + -3?
27
Evaluate 1760 - 1837 - (3 - -10).
-90
What is 205 + -200 - (0 - -8)?
-3
What is the value of 48 + -44 + 27 + 30?
61
What is the value of -66 - ((16 - 16) + (-7 - (-2 + 7)))?
-54
What is the value of -13 + 15 - (-6 + 5 + -1 + 7) - 2?
-5
What is ((22 - 16) + 2 - (-2 + 7)) + -48?
-45
-71 + -4 + (-9 - 11) + 30
-65
Evaluate -13 + ((64 - 29) + 7 - (2 - -15 - 6)).
18
Evaluate 3 + -1 + (10 - 3) + -16 + 24.
17
-178 + 37 - -82 - 8
-67
What is 4266 - 4244 - (1 - (-1 + -8))?
12
(-123 - -32) + 13 - -11
-67
Calculate 23 - (-1 + -2 - (-89 + 82)).
19
What is the value of (8 - -3) + -2 - (207 + -287) - (0 - -8)?
81
Evaluate -3 + (51 - (207 + -98)).
-61
What is the value of 1631 + -1571 - (80 + -1)?
-19
What is 31 + (28 + 0 - -56) + (12 - -10)?
137
Evaluate 11 + 2 + 1 + -109 + (51 - -62).
18
What is the value of (1 - -5) + (161 - 90) + -28?
49
What is the value of (-77 - -44) + 61 + 0 + -87?
-59
-16 + (4 + 11 - (-27 + 34) - 22)
-30
What is the value of (-74 - (52 + -94)) + 2 + -14?
-44
19 + (18 - 19) - (71 + -112)
59
What is the value of 35 - ((3 + -1 - 1) + (17 - 16))?
33
Evaluate (-12 - (7 + -9) - 8) + (0 + -4 - 1).
-23
What is -87 + 1 + 1 + 0 + 144 + (29 - 175)?
-87
Evaluate 3 - (0 - -3) - (-1449 + 1426).
23
What is the value of (-8 - (21 + 122)) + (185 - 140)?
-106
Evaluate -133 + 176 - (-6 + 2 - -2 - 2).
47
Evaluate 27 - (740 + -771 - (1 + -30)).
29
What is the value of 17 - (-20 - (-2 - (-14 + 18)) - -11)?
20
What is the value of 29 - (-1 + 4) - (410 - 329)?
-55
Calculate (-32 - (3 + -9)) + -185 + 207 + 12.
8
What is the value of 10 + (4 - 3) + -5 + -47 + 36 + -31?
-36
-7 + 6 + 5 + -10
-6
Evaluate -68 + 91 - -77 - 46.
54
Calculate -36 + 64 + -18 - (-2 - 7) - -88.
107
(6 + -12 - ((-3 - 4) + -2)) + -118 + 113
-2
-9 - (-58 + (-22 - (9 - 21) - 5) + 11)
53
161 - (-47 - (-2 - 34)) - 47
125
(12 - (36 - 17)) + 10 + -1 + 0 + 111
113
Evaluate -7 - -149 - (11 + 5).
126
Calculate -163 + 49 + 104 + 113.
103
Calculate -29 - (-12 + 15 + (8 - (-11 - -25)) + 1).
-27
What is the value of (15 - -68) + -82 + -1 + 25?
25
What is the value of (-117 - -25) + -8 - -113?
13
What is the value of 0 + -27 + 21 + -4?
-10
Calculate -23 + (12 - (-24 + 8 + 5)).
0
What is the value of (-87 + 73 - (-2 - -18)) + 126?
96
Calculate 1 - (-51 + 7 + 54).
-9
What is the value of (13 - -40) + -134 - -49?
-32
Evaluate 9 - 39 - -4 - (-127 - -114).
-13
(56 + -27 - 51 - -11) + -34
-45
What is -2639 - -2647 - (1 + 40)?
-33
Calculate 3 + -124 + 327 + -119.
87
What is the value of (-1 - (-2 + 0) - (-2 + -7)) + 186488 + -186416?
82
Evaluate (30 - 25 - -31) + -16 + 2 - -11.
33
What is the value of -45 + 5 + (-399 - -464)?
25
Evaluate -12 + (-27 - (20 + -36)) + 3 + -4.
-24
Evaluate (0 - (0 + -3 + 5)) + 126 + (-39 - -1).
86
Calculate -18 + 41 + (23 - 28) + (-5 - 2).
11
Calculate 12 + -57 + 10 + (24 - 57).
-68
-10 + -10 + 15 + -12 + 8 + (43 - -1)
35
What is the value of -118 + -2 - (-524 - -479)?
-75
Calculate -53 + -62 + 123 + 5.
13
19 + (-2 - 0 - (-1017 + 1037))
-3
What is the value of 24 + -13 + -80 + (8 - 42)?
-103
Evaluate 36 + -2 + (3 - 12) + (-10 - 0).
15
Evaluate -2 - -58 - (-24 + (-15 - ((18 - 15) + -32))).
66
(107 - 3) + -1854 + 1775
25
64 - ((67 - 51) + 35)
13
What is the value of (3631 - 3717) + 0 + 6?
-80
Evaluate 109 - (-13 + -34 + 18 + 26).
112
Evaluate -1 + 91 + (-68 - (30 - 89)) + (-8 - -12).
85
Evaluate (-168 - -201) + (8 - 8).
33
((-10 - -3) + -3 - (-2 + (-7 - 2))) + 28
29
Calculate (37 + -21 - -18 - -15) + -20.
29
What is 14 + -3 + -24 + (-5 - -90)?
72
What is -63 - -19 - (44 - 53)?
-35
41 + -3 + (8 - 10) + 2 + 8
46
Calculate -12 + 35 + -78 - 6.
-61
What is the value of -13 - -22 - 53 - (-16 + 4 - -5)?
-37
(-7 - (65 + -80) - (-4 - -2 - 13)) + 13
36
What is -744 + 685 - (1 - 1 - -2)?
-61
Calculate -18 - -35 - (58 - 15 - 0).
-26
What is (-9 + 0 - (12 - 10)) + (121 - 32) + -20?
58
Calculate -20 + 21 + 248 + -191.
58
Evaluate -30016 + 30008 + -2 + 15 + 1 + 0.
6
48 + (-36 - (15 + -64) - 34)
27
Calculate (4 - (23 + 8) - -18 - (-12 + 1)) + 87.
89
Calculate (-15 - (19 - 36)) + -41 - 58.
-97
Evaluate 34 + (-31 - -12) + 26.
41
Evaluate (161 - 171) + (-1 - (2 - -8)).
-21
What is 4 + (-8 - (-6 + 27 + -16)) + 43?
34
What is the value of 39 - 2 - (-11 - (19 + -40 + 0))?
27
What is the value of -76 + (53 - 23) - -53?
7
-1 - -19 - (-406 - -417) - (56 + 0)
-49
Evaluate 7 - ((14 - (-5 - (9 - -7))) + (3 - 2)).
-29
Calculate 9 + 2 - ((14 - 0) + (-219 - -190)).
26
What is the value of 7 - -29 - (-29 + -25 - -23)?
67
What is the value of (-6 - (-27 + 23)) + 3 + (11 - 1)?
11
What is the value of 12 + 3 + (12 - 9 - (98 + -22))?
-58
What is the value of ((234 - 245) + (1 - 9) - (5 - 16)) + -41?
-49
Evaluate -74 - (-37 + -2 + (-1066 - -1090))